{"id":31,"date":"2016-09-26T16:43:09","date_gmt":"2016-09-26T14:43:09","guid":{"rendered":"http:\/\/creemoi.com\/?page_id=31"},"modified":"2019-07-23T23:56:14","modified_gmt":"2019-07-23T21:56:14","slug":"secretariat","status":"publish","type":"page","link":"http:\/\/creemoi.com\/index.php\/secretariat\/","title":{"rendered":"Secr\u00e9tariat"},"content":{"rendered":"\n<p style=\"color:#f904a8;font-size:17px\" class=\"has-text-color has-background has-very-light-gray-background-color\"><em>Cr\u00e9&amp;moi vous propose ses services de secr\u00e9tariat\u00a0: saisie de comptes rendus (avec dictaphone), de rapports, devis-factures, gestion des plannings, prise de rendez-vous, archivage, classement, courriers,&#8230; Ces services sont propos\u00e9s aux particuliers et aux entreprises ayant besoin d&rsquo;une prestation\u00a0ponctuelle ou r\u00e9guli\u00e8re. Ces prestations de\u00a0secr\u00e9tariat sont effectu\u00e9es \u00e0 domicile. N&rsquo;h\u00e9sitez pas \u00e0 nous contacter pour plus de renseignement.<\/em><\/p>\n","protected":false},"excerpt":{"rendered":"<p>Cr\u00e9&amp;moi vous propose ses services de secr\u00e9tariat\u00a0: saisie de comptes rendus (avec dictaphone), de rapports,&#8230;<\/p>\n<div class=\"more-link-wrapper\"><a class=\"more-link\" href=\"http:\/\/creemoi.com\/index.php\/secretariat\/\">Read the post<span class=\"screen-reader-text\">Secr\u00e9tariat<\/span><\/a><\/div>\n","protected":false},"author":1,"featured_media":0,"parent":0,"menu_order":3,"comment_status":"closed","ping_status":"closed","template":"","meta":{"_acf_changed":false,"footnotes":""},"class_list":["post-31","page","type-page","status-publish","hentry","excerpt","zoom","full-without-featured","even","excerpt-0"],"acf":[],"_links":{"self":[{"href":"http:\/\/creemoi.com\/index.php\/wp-json\/wp\/v2\/pages\/31","targetHints":{"allow":["GET"]}}],"collection":[{"href":"http:\/\/creemoi.com\/index.php\/wp-json\/wp\/v2\/pages"}],"about":[{"href":"http:\/\/creemoi.com\/index.php\/wp-json\/wp\/v2\/types\/page"}],"author":[{"embeddable":true,"href":"http:\/\/creemoi.com\/index.php\/wp-json\/wp\/v2\/users\/1"}],"replies":[{"embeddable":true,"href":"http:\/\/creemoi.com\/index.php\/wp-json\/wp\/v2\/comments?post=31"}],"version-history":[{"count":8,"href":"http:\/\/creemoi.com\/index.php\/wp-json\/wp\/v2\/pages\/31\/revisions"}],"predecessor-version":[{"id":429,"href":"http:\/\/creemoi.com\/index.php\/wp-json\/wp\/v2\/pages\/31\/revisions\/429"}],"wp:attachment":[{"href":"http:\/\/creemoi.com\/index.php\/wp-json\/wp\/v2\/media?parent=31"}],"curies":[{"name":"wp","href":"https:\/\/api.w.org\/{rel}","templated":true}]}}